base 2, what is -1000100 + 10011?
-110001
In base 3, what is -1001 + 2202?
1201
In base 10, what is -18 - 6?
-24
In base 10, what is 16 - 2?
14
In base 8, what is 50 - 6?
42
In base 10, what is -5 + 2888?
2883
In base 16, what is -4 - d5?
-d9
In base 4, what is 10 + -123311?
-123301
In base 10, what is 57 + -6?
51
In base 11, what is -3 - 18?
-20
In base 3, what is -102 - 1212020?
-1212122
In base 15, what is 2a + 1?
2b
In base 15, what is -7b - 0?
-7b
In base 14, what is -3 - -168?
165
In base 14, what is -79 + 2?
-77
In base 2, what is -1010011011111 + -110?
-1010011100101
In base 3, what is 12210012 + 101?
12210120
In base 15, what is 215 + 11?
226
In base 3, what is 12 + -11020?
-11001
In base 15, what is 34d + -4?
349
In base 12, what is b - 2?
9
In base 8, what is 47 + 2?
51
In base 9, what is -4664 + -1?
-4665
In base 16, what is 60f + -3?
60c
In base 4, what is 2 + -13201?
-13133
In base 7, what is 3 - 2606?
-2603
In base 4, what is 11 - -1211?
1222
In base 11, what is -2 + 1?
-1
In base 12, what is -2826 + 4?
-2822
In base 10, what is -6 + -21?
-27
In base 14, what is 2b - bb?
-90
In base 14, what is 2d + -2?
2b
In base 3, what is -102220 + 1021?
-101122
In base 8, what is 41 - -12?
53
In base 6, what is -3 + 10544?
10541
In base 13, what is -11 + -a1?
-b2
In base 4, what is -112 + 3?
-103
In base 4, what is 1001 - -1?
1002
In base 15, what is -13 - -6?
-c
In base 3, what is -200110121 + 12?
-200110102
In base 2, what is -1110010000110 - -101?
-1110010000001
In base 8, what is 531 - 7?
522
In base 6, what is 2 + 33442?
33444
In base 12, what is 7 + 153?
15a
In base 4, what is 121031 - 0?
121031
In base 5, what is -23244 - 10?
-23304
In base 15, what is -5ec - 7?
-604
In base 11, what is 877a - -1?
8780
In base 12, what is -5 - 8a1?
-8a6
In base 9, what is -638 + -3?
-642
In base 7, what is -3341 + -26?
-3400
In base 3, what is 10010021 - -2?
10010100
In base 5, what is -11 - -1?
-10
In base 13, what is 839 - 3?
836
In base 10, what is 0 - 97?
-97
In base 7, what is 1 - -452?
453
In base 14, what is 1c + -2c?
-10
In base 13, what is 5 - 6c?
-67
In base 3, what is 200212 + 10?
200222
In base 16, what is 2 + -19?
-17
In base 2, what is -1010 + 101100?
100010
In base 7, what is -1 - 24230?
-24231
In base 4, what is -123232 - -1?
-123231
In base 8, what is 0 + 5424?
5424
In base 10, what is 6 - -1429?
1435
In base 10, what is -34 - -1?
-33
In base 11, what is 555 + -3?
552
In base 5, what is -10242 + -2?
-10244
In base 2, what is -100 + 100010110110?
100010110010
In base 16, what is 9 - 18?
-f
In base 16, what is d + -d?
0
In base 15, what is -2e8 + 1?
-2e7
In base 7, what is 562 + -12?
550
In base 2, what is 1111 - -101?
10100
In base 2, what is 1 - 11001100?
-11001011
In base 5, what is 23402 - -13?
23420
In base 8, what is 16 - 123?
-105
In base 11, what is 0 + 1364?
1364
In base 5, what is 0 + 104?
104
In base 6, what is 214 - 1433?
-1215
In base 14, what is 6 + 7c?
84
In base 12, what is -1 + -1b5?
-1b6
In base 15, what is 4 + -215?
-211
In base 3, what is -2 + 12221210?
12221201
In base 13, what is 103 + 1c?
122
In base 15, what is -290 - 28?
-2b8
In base 7, what is 0 + -1332?
-1332
In base 5, what is -114031 - 1?
-114032
In base 15, what is -5 + 12?
c
In base 2, what is -11 - 110000?
-110011
In base 10, what is 0 - -117?
117
In base 11, what is -7339 + -5?
-7343
In base 16, what is -5 - -8?
3
In base 4, what is -312 - -10?
-302
In base 6, what is 11 + -4020?
-4005
In base 13, what is -10 + 16?
6
In base 11, what is 36 - -195?
220
In base 14, what is -57 + -3b?
-94
In base 16, what is -1 + -c4?
-c5
In base 11, what is 1 + 5a?
60
In base 10, what is 22 - -1?
23
In base 5, what is 43 + -13?
30
In base 15, what is 108 - -17?
120
In base 11, what is 4061 + 2?
4063
In base 3, what is 12120021 - -12?
12120110
In base 8, what is 4 + -143?
-137
In base 8, what is 272 + 25?
317
In base 14, what is 3 + -75?
-72
In base 5, what is -1324 - -2?
-1322
In base 12, what is 96 - -2?
98
In base 2, what is 10 - 11000000?
-10111110
In base 14, what is 13 + 74?
87
In base 2, what is 101110 + -110?
101000
In base 8, what is 337 - 2?
335
In base 11, what is -2 + -244?
-246
In base 13, what is -1 - 95?
-96
In base 14, what is -33 + -1?
-34
In base 7, what is -2 - -141?
136
In base 15, what is 0 + 1d?
1d
In base 3, what is -12 - -101021?
101002
In base 16, what is 189 - -8?
191
In base 7, what is 5 + -3045?
-3040
In base 16, what is 8f0 + 6?
8f6
In base 8, what is -1464 - -2?
-1462
In base 2, what is -11010 + -1101?
-100111
In base 15, what is -5 - -316?
311
In base 5, what is 1 + 11?
12
In base 6, what is 10 - -11?
21
In base 11, what is 18 - -17?
34
In base 15, what is 5 - 21c?
-217
In base 4, what is -3 - 1031?
-1100
In base 14, what is 3 + 32d?
332
In base 12, what is 73 + -2?
71
In base 3, what is -20220110 + -11?
-20220121
In base 3, what is 2 + -1202?
-1200
In base 12, what is -70 + -10?
-80
In base 11, what is -236 - 11?
-247
In base 7, what is 106 + 1?
110
In base 11, what is -1a6 - 4?
-1aa
In base 13, what is 0 - -1ba5?
1ba5
In base 4, what is -11 - -101?
30
In base 15, what is -5 - 0?
-5
In base 12, what is -522 + -5?
-527
In base 8, what is 3 + 2217?
2222
In base 7, what is -66 - -5?
-61
In base 9, what is 5 + 226?
232
In base 3, what is 21221 + -12?
21202
In base 5, what is -3 + 43?
40
In base 12, what is -39 - 41?
-7a
In base 15, what is 9 - 8?
1
In base 5, what is -13 - -12011?
11443
In base 14, what is -9 - 63?
-6c
In base 7, what is -10 + -1?
-11
In base 4, what is 10201 + 111?
10312
In base 16, what is -2 - -42?
40
In base 11, what is -88 - 14?
-a1
In base 6, what is 5040 - 3?
5033
In base 8, what is -1 + -2044?
-2045
In base 2, what is 100110100 + 101?
100111001
In base 7, what is 3403 - -5?
3411
In base 7, what is 1 - 4335?
-4334
In base 8, what is -20 + 15?
-3
In base 12, what is -13989 + -2?
-1398b
In base 2, what is 100 + -10010000?
-10001100
In base 7, what is 4305 + 4?
4312
In base 3, what is 12 + 11011?
11100
In base 12, what is 5067 - 0?
5067
In base 10, what is -4 - -6821?
6817
In base 10, what is -24 + 3?
-21
In base 4, what is 20322 + 12?
21000
In base 8, what is -134 + -2?
-136
In base 4, what is 1 + -1001?
-1000
In base 14, what is d + -3?
a
In base 16, what is -a + -6a?
-74
In base 7, what is 5 - -4261?
4266
In base 16, what is -475 + -4?
-479
In base 2, what is 101 + 11010101001?
11010101110
In base 8, what is 76745 - 0?
76745
In base 16, what is 110 - 2?
10e
In base 16, what is -15 - b?
-20
In base 13, what is 123 - -11?
134
In base 2, what is -100000 - -110011?
10011
In base 13, what is -60a + -5?
-612
In base 6, what is -15 + 12?
-3
In base 12, what is 25a3 - -1?
25a4
In base 2, what is -100100110010 + 0?
-100100110010
In base 3, what is -202002 + 1?
-202001
In base 9, what is 0 + 782?
782
In base 10, what is -2 + 427?
425
In base 16, what is -5 - 24?
-29
In base 8, what is 673 - -30?
723
In base 6, what is -2101 + 1?
-2100
In base 10, what is -7 - 7?
-14
In base 11, what is 16 - 92?
-77
In base 7, what is -431 - -5?
-423
In base 6, what is 1340 + 2?
1342
In base 11, what is -6 + -42?
-48
In base 12, what is -3 + -253?
-256
In base 15, what is -1 + 15?
14
In base 9, what is -2 - 1625?
-1627
In base 12, what is -99 - 9?
-a6
In base 6, what is 12055 + -2?
12053
In base 2, what is -10101 + -10101000001?
-10101010110
In base 9, what is -2405 - -4?
-2401
In base 5, what is -30 - 3?
-33
In base 15, what is -251 - -9?
-247
In base 9, what is 0 - 46?
-46
In base 8, what is -23 + 123?
100
In base 10, what is -229 + -19?
-248
In base 5, what is 12 - 202?
-140
In base 15, what is -6 - 12?
-18
In base 7, what is -603 - -1?
-602
In base 11, what is -23 + 2?
-21
In base 7, what is -1 + 2104?
2103
In base 6, what is -11 - -51?
40
In base 5, what is 2 + 20034?
20041
In base 8, what is 16052 + -3?
16047
In base 10, what is 1 - 67?
-66
In base 2, what is 10000 - -1100?
11100
In base 10, what is 1 - -625?
626
In base 9, what is 63 + 1?
64
In base 7, what is 40231 + 4?
40235
In base 16, what is -12cc - -3?
-12c9
In base 13, what is -11 - -2a?
19
In base 5, what is 4 - 2321?
-2312
In base 2, what is 11001 + -10000011001?
-10000000000
In base 5, what is -20012 - 10?
-20022
In base 13, what is 4b + 2c?
7a
In base 7, what is 5 - 20611?
-206